2 + 79*h - 6. Give y(-25).
-106
Let b(c) = -2*c**3 + 90*c**2 - 15*c + 666. Calculate b(45).
-9
Let b(m) = -153*m - 3870. What is b(-25)?
-45
Let t(v) = v**3 - 51*v**2 - 36*v + 1654. Determine t(51).
-182
Let c(p) = -6*p**2 - 147*p - 406. What is c(-21)?
35
Let c(o) = o**2 - 95*o - 81. Give c(96).
15
Let u(z) = -8*z**3 - 81*z**2 - 9*z + 12. Determine u(-10).
2
Let t(o) = -36*o - 9148. Give t(-254).
-4
Let z(o) = o**3 - o**2 - 160*o - 3. Determine z(13).
-55
Let w(f) = 101*f**2 + 2524*f - 60. What is w(-25)?
-35
Let w(q) = -q**3 + 26*q**2 + 52*q + 143. Calculate w(28).
31
Let v(d) = 3*d**2 + 71*d - 88. What is v(-24)?
-64
Let d(m) = -m**3 + 25*m**2 + 199*m - 33. What is d(31)?
370
Let m(h) = -873*h - 4361. Determine m(-5).
4
Let k(a) = -2*a**2 - 211*a - 5562. Determine k(-56).
-18
Let s(x) = -x**3 + 31*x**2 + 27*x - 834. Give s(31).
3
Let h(q) = 93*q + 3663. Calculate h(-34).
501
Let r(i) = 8*i**3 + 432*i**2 - i - 50. What is r(-54)?
4
Let c(x) = -4*x**2 + 1498*x + 2278. What is c(376)?
22
Let d(q) = q**3 + 149*q**2 - 3006*q + 1. What is d(-167)?
1
Let v(h) = -79*h + 1152. Determine v(14).
46
Let i(q) = -2*q**2 + 102*q - 57. Determine i(52).
-161
Let b(t) = -17*t**2 - 681*t - 44. Calculate b(-40).
-4
Let k(o) = -4*o**3 + 29*o**2 - 45*o - 17. Calculate k(3).
1
Let j(s) = s**2 + 52*s + 596. Calculate j(-15).
41
Let f(q) = 27*q + 172. Determine f(-6).
10
Let n(l) = -l**2 - 30*l + 814. Give n(18).
-50
Let q(r) = 2*r**2 - 54*r - 239. Calculate q(31).
9
Let y(o) = -o**3 - 16*o**2 + 25*o + 99. What is y(-17)?
-37
Let g(w) = -1600*w + 12808. Give g(8).
8
Let x(c) = -241*c + 3598. Give x(15).
-17
Let o(u) = u**2 + 57*u - 359. Give o(-53).
-571
Let v(p) = -p**3 + 71*p**2 - 130*p - 712. What is v(69)?
-160
Let b(h) = -2*h**2 - 64*h - 159. Give b(-29).
15
Let p(y) = -y**3 + 124*y**2 + 3*y - 394. Determine p(124).
-22
Let g(w) = w**3 - 35*w**2 - 40*w - 21. Give g(36).
-165
Let i(w) = 62*w + 805. What is i(-13)?
-1
Let f(u) = -u**3 + 11*u**2 - 79*u + 892. Give f(11).
23
Let r(p) = 74*p + 872. Give r(-9).
206
Let m(f) = -4*f**2 - 15*f + 18. Give m(-5).
-7
Let g(a) = -a**2 - 52*a + 2911. Calculate g(34).
-13
Let q(c) = -4*c**3 + 83*c**2 - 139*c + 29. Determine q(19).
-85
Let y(t) = -199*t - 13. Calculate y(-1).
186
Let b(r) = -1055*r - 78091. Calculate b(-74).
-21
Let p(f) = 19*f**2 + 33*f - 92. Calculate p(-3).
-20
Let o(g) = 122*g**2 + 4248*g - 769. Give o(-35).
1
Let j(m) = 2*m**3 - 53*m**2 - 31*m + 107. What is j(27)?
-1
Let d(p) = -3*p**2 + 18*p - 19. Calculate d(1).
-4
Let l(o) = 2*o**3 - 8*o**2 - 256*o - 4. Calculate l(0).
-4
Let w(l) = -1763*l - 146336. Give w(-83).
-7
Let c(f) = -3*f**3 - 80*f**2 - 468*f - 151. Determine c(-8).
9
Let f(v) = v**2 + 45*v - 2699. Calculate f(-80).
101
Let f(s) = -s**3 - 13*s**2 + 94*s + 41. What is f(-18)?
-31
Let y(a) = -53*a - 566. What is y(-7)?
-195
Let r(p) = 7*p**2 - 22*p - 204. Determine r(-4).
-4
Let h(j) = 410*j + 90587. What is h(-221)?
-23
Let z(d) = -79*d - 2205. What is z(-28)?
7
Let g(m) = 429*m + 7258. What is g(-17)?
-35
Let y(g) = -g**2 - 322*g - 22890. Determine y(-216).
6
Let g(l) = l**2 - 32*l + 34. Give g(18).
-218
Let y(x) = -30*x + 698. What is y(24)?
-22
Let n(y) = 3*y**2 + 104*y - 2402. What is n(-51)?
97
Let m(g) = g**2 - 28*g + 4. Calculate m(25).
-71
Let m(j) = -3*j**2 - 88*j - 101. What is m(-28)?
11
Let h(g) = -19*g - 698. Calculate h(-36).
-14
Let o(w) = w**3 + 10*w**2 + 126*w + 742. Calculate o(-7).
7
Let f(p) = 4*p**2 - 27*p + 28. What is f(5)?
-7
Let f(s) = -15*s - 125. Calculate f(-23).
220
Let c(f) = -f**3 + 16*f**2 + 21*f + 24. What is c(17)?
92
Let x(s) = -3*s**2 + 18*s + 25. What is x(6)?
25
Let y(d) = -101*d - 452. Calculate y(-7).
255
Let r(x) = -32*x - 21. What is r(3)?
-117
Let w(c) = c**3 - 28*c**2 + 157*c + 37. Determine w(20).
-23
Let x(c) = c**3 + 2*c**2 - 18*c - 42. Give x(-3).
3
Let f(k) = 2*k**2 - 91*k + 30. What is f(46)?
76
Let q(z) = z**2 + 28*z + 158. Determine q(-19).
-13
Let n(p) = -2*p**2 + 8*p + 1315. Determine n(-24).
-29
Let l(t) = t**2 + 61*t + 628. Calculate l(-48).
4
Let r(p) = 2*p**2 - 6*p - 186. Give r(19).
422
Let s(m) = -4*m - 66. Give s(19).
-142
Let s(x) = 2*x**3 + 24*x**2 - 22*x - 15. Determine s(-13).
-67
Let d(v) = -5*v**2 - 11*v - 4. What is d(-5)?
-74
Let y(c) = -4993*c - 29936. What is y(-6)?
22
Let o(v) = -5*v**2 - 22*v + 255. What is o(8)?
-241
Let p(x) = 3*x**2 - 56*x + 96. Determine p(25).
571
Let d(g) = 3*g**2 + 75*g + 97. What is d(-23)?
-41
Let t(w) = -2*w**3 - 131*w**2 - 65*w + 24. Determine t(-65).
24
Let s(j) = -j**3 - 31*j**2 + 84*j + 560. What is s(-33)?
-34
Let v(u) = 692*u**3 - 2*u - 2. Determine v(-1).
-692
Let x(u) = 8*u**3 + 7*u**2 + 15*u - 38. What is x(-3)?
-236
Let n(y) = -26*y**3 - 332*y**2 + 68*y - 137. Calculate n(-13).
-7
Let m(x) = 8*x**3 - 576*x**2 - 2*x + 149. Calculate m(72).
5
Let j(x) = -5*x**2 - 15*x + 121. Determine j(8).
-319
Let n(u) = -4*u**2 + 94*u - 240. Calculate n(3).
6
Let u(q) = 10*q + 118. Determine u(26).
378
Let u(g) = g - 2. Give u(-4).
-6
Let o(f) = f**2 + 4*f - 6417. Determine o(-82).
-21
Let z(f) = f**2 + 14*f - 86. Determine z(-18).
-14
Let q(k) = k**3 + 4*k**2 - 54*k - 202. What is q(-4)?
14
Let u(p) = p**3 + 8*p**2 + 14*p + 9. Determine u(-7).
-40
Let w(b) = b**3 + 25*b**2 - 190*b + 199. Calculate w(5).
-1
Let d(c) = -534*c + 535. What is d(1)?
1
Let n(r) = -r**3 - 49*r**2 - 295*r - 89. Give n(-42).
-47
Let v(d) = 8*d**2 - 78*d - 1435. Give v(19).
-29
Let c(b) = 4*b**3 - 8*b**2 + 2*b + 8. Calculate c(2).
12
Let y(c) = -c**3 + 10*c**2 + 481*c - 3973. Give y(8).
3
Let g(a) = 55*a - 26. Calculate g(1).
29
Let c(g) = 56*g**2 - 53*g + 31. Calculate c(1).
34
Let o(k) = 9*k**2 + 398*k - 278. What is o(-45)?
37
Let h(z) = z**2 + 33*z - 41. What is h(-32)?
-73
Let z(q) = -q**3 - 14*q**2 - 58*q - 625. Calculate z(-13).
-40
Let z(g) = g**2 - 36*g - 367. Calculate z(-8).
-15
Let v(m) = 534*m - 20803. Determine v(39).
23
Let b(j) = 8*j**3 - 2*j**2 - 7*j - 6. What is b(-3)?
-219
Let r(s) = 24*s + 239. Determine r(-8).
47
Let b(x) = -2*x**2 + 4*x + 8. Calculate b(-10).
-232
Let f(m) = -m**2 - 905*m - 5401. Give f(-6).
-7
Let o(g) = g**3 + 76*g**2 + 150*g + 149. Calculate o(-74).
1
Let m(x) = 42*x + 3278. Determine m(-73).
212
Let j(k) = -k**2 - 403*k - 5035. Give j(-13).
35
Let d(g) = -231*g - 18474. Give d(-80).
6
Let l(g) = -g**3 + 33*g**2 - 68*g + 44. Determine l(31).
-142
Let f(l) = -l**2 + 58*l - 293. Calculate f(51).
64
Let x(y) = y**2 - 2466*y + 61030. Calculate x(25).
5
Let c(n) = 2*n**3 - 11*n**2 - 43*n + 4. Determine c(-3).
-20
Let m(b) = -2*b + 49. Determine m(9).
31
Let f(z) = -z**3 + 73*z**2 + 73*z + 187. What is f(74)?
113
Let w(a) = a**3 + 14*a**2 + 34*a - 76. Calculate w(-9).
23
Let c(h) = -2*h**3 + 23*h**2 + 34*h + 79. What is c(13)?
14
Let q(n) = -n**3 + 2*n**2 + 47*n + 243. Calculate q(-8).
507
Let n(o) = -2*o**3 + 168*o**2 + 177*o - 599. What is n(85)?
-4
Let z(b) = -613*b**3 - 2452*b**2 - 2. Calculate z(-4).
-2
Let r(x) = -27*x - 230. Calculate r(-6).
-68
Let o(t) = -2*t**2 - 8*t + 14. Calculate o(-7).
-28
Let j(w) = w**3 + 26*w**2 + 40*w + 112. Give j(-24).
304
Let n(h) = 39*h - 1671. Calculate n(41).
-72
Let k(f) = -53*f**3 + 2*f**2 + 297*f + 296. Give k(-1).
54
Let u(g) = -g**3 - 25*g**2 - 26*g - 40. What is u(-24)?
8
Let w(p) = -3*p + 61. Calculate w(-10).
91
Let r(s) = 3*s**3 + s**2 - 8*s - 19. Give r(-3).
-67
Let q(g) = -108*g + 156. Give q(2).
-60
Let s(g) = 2*g**3 - g**2 + 6*g - 49. Determine s(3).
14
Let j(a) = -2*a**2 + 67*a + 701. Calculate j(42).
-13
Let b(l) = -4557*l - 18204. What is b(-4)?
24
Let v(b) = -62*b - 17. Calculate v(1).
-79
Let c(h) = 2*h**2 - 58*h - 586. Calculate c(-11).
294
Let c(s) = -s**3 + 21*s**2 + 353*s - 32. Calculate c(32).
0
Let d(u) = u**3 + 13*u**2 + 20*u - 19. What is d(-9)?
125
Let y(k) = k**3 - k**2 + 4*k + 28. Calculate y(6).
232
Let i(h) = -1115*h + 3348. Give i(3).
3
Let w(d) = 118*d + 1768. Give w(-15).
-2
Let w(g) = -99*g + 1022. Give w(10).
32
Let u(p) = 6*p**3 + 4*p**2 - 12*p + 15. Calculate u(2).
55
Let k(m) = 16*m + 52. Determine k(-4).
-12
Let k(s) = s**3 - 44*s**2 - s - 18. Give k(44).
-62
Let w(r) = -13*r**3 + 3*r**2 + 20*r + 18. Determine w(-1).
14
Let t(r) = -272*r - 584. What is t(-2)?
-40
Let o(u) = -21*u**2 - 557*u - 2097. Determ